9?
False
Let m = -2 - -6. Does 4 divide m?
True
Let d be 2346/(-21) + 6/(-21). Let y = -30 - d. Does 26 divide y?
False
Let o(f) = -f + 34. Let y be o(9). Suppose 2*a = -2*z, -5*a - 6 - 4 = 3*z. Let t = a + y. Is 10 a factor of t?
True
Is 18 a factor of (972/3)/2*(-18)/(-27)?
True
Is ((-1)/(-2))/((-2030)/(-676) - 3) a multiple of 41?
False
Suppose -2*a = -255 - 247. Let y = a - 170. Is y a multiple of 27?
True
Let q(j) be the third derivative of -j**5/60 + j**4/3 - 4*j**3/3 + 4*j**2. Is 3 a factor of q(6)?
False
Let q be (-2 - -68)/((-12)/(-16)). Suppose -6*j + 2*j + q = 0. Does 8 divide j?
False
Suppose -2*v = -0*v - 192. Does 24 divide v?
True
Let i be 7 + -5 - (12 + -1). Let a(w) = -w**2 - 13*w. Is 16 a factor of a(i)?
False
Suppose 0*n = -n + 4. Suppose 9 + 23 = n*w. Does 4 divide w?
True
Let p be (-3 - 0/(-1)) + 3. Suppose p = 4*r + 4*n - 9*n - 73, -15 = -r - 2*n. Is r a multiple of 7?
False
Suppose -i - 2*i - 9 = 0. Let o be ((-2)/(-3))/(i/27). Does 6 divide (-4)/(-6) - 68/o?
True
Suppose -4*i - 3*p - 117 = 75, p = -4. Does 10 divide 20/(-5*6/i)?
True
Is -3 + (-51)/(-18) + 2594/12 a multiple of 23?
False
Is 4 a factor of ((-44)/(-8))/((-5)/(-30))?
False
Let h be -2 + 3 - (0 + 1). Suppose h = 5*w - 10 - 45. Is w a multiple of 11?
True
Let y be (-1 - 0)/(5/(-10)). Suppose -89 = -y*q - 17. Is q a multiple of 11?
False
Suppose 12*o - o = 484. Is 22 a factor of o?
True
Is -4 + (-159)/(2 - 5) a multiple of 7?
True
Suppose 3*r + 144 = 7*r. Let b be 245/(-14) + 1/2. Let f = b + r. Is 19 a factor of f?
True
Let k = 174 - 54. Is k a multiple of 30?
True
Let f = 24 + -16. Suppose 2*u - 162 = -5*k, 0 = 3*u - u + f. Suppose -v = 0, g - 2*v = 3*g - k. Is g a multiple of 17?
True
Let b(t) = 3*t**2 - 4*t - 3. Let a be b(4). Suppose 0 = 3*h - a - 1. Is h a multiple of 4?
False
Suppose 0 = 4*s - 4*n + 8*n - 136, 0 = s + 3*n - 36. Is s even?
False
Let b = -35 + 64. Is 22 a factor of b?
False
Let i = -63 + 189. Suppose -6*l + i = -3*l. Does 18 divide l?
False
Suppose -2 = 2*f, 3*w = w + 5*f + 13. Does 4 divide 20/w - (0 - -1)?
True
Suppose -8*x + 32 = -4*x. Let b = -5 + x. Suppose -t = b - 29. Does 13 divide t?
True
Suppose -5*f + 5*u = -3*f - 26, 2*f + 10 = -4*u. Is 16 a factor of 130/f + 2/3?
False
Let d(b) = -24*b. Let c be (-1)/(-2) - (-10)/(-4). Is d(c) a multiple of 16?
True
Suppose -3*k = -61 + 154. Let d = k + 65. Is 17 a factor of d?
True
Let u be 3 + -3 + -1 + 1. Suppose -5*z + 11 = -2*j, 5*z - j - 16 + 3 = u. Suppose -4*f + 24 = 3*c - f, -16 = -5*c + z*f. Is 2 a factor of c?
False
Let a = -4 + 7. Suppose -2*l + 2*g + 7 = 1, 2*l - 5*g = a. Suppose 0 = l*r + 19 - 107. Does 13 divide r?
False
Is (573/4 - 1) + 1/(-4) a multiple of 23?
False
Let l(u) = -u**3 + 6*u**2 - 3*u - 6. Let i be l(5). Let r(j) = 5*j - 1. Let a be r(-1). Does 8 divide a/(-2 + 5/i)?
True
Let r(j) = -j + 1. Does 2 divide r(-4)?
False
Is (-27)/(-1) - (-16)/(-8) a multiple of 7?
False
Let a be 3/15 + 38/10. Let o be 2/4 - (-10)/a. Is 9 a factor of 22 - (o - 2)*-1?
False
Is 2*4/(-24)*-309 a multiple of 4?
False
Suppose -2*j - 24 = j. Does 11 divide -8 - j - 1*-23?
False
Is 37 - 4/4*-1 a multiple of 19?
True
Suppose 22*k = 18*k + 336. Is k a multiple of 46?
False
Does 10 divide (-2 - 164/12)/((-2)/18)?
False
Let q be 1 + 1 + (-3)/(-1). Suppose 2*c - q = c. Suppose 0 = c*n + 5*j - 45, 20 = -4*j. Is n a multiple of 7?
True
Let c be (-6 - -6)/(-1 - 0). Suppose -2*v - 8 = c, -3*r + 17 = -3*v - 16. Is r a multiple of 3?
False
Let c(u) = u**3 + 4*u**2 - 3*u + 5. Suppose 5*l - 30 = 5*n, 6*n + 25 = n. Let y be 1 - 2 - (l + 2). Does 8 divide c(y)?
False
Is 4 a factor of (-7)/(-2) - 2/(-4)?
True
Let u be 2/(-3) - (-4)/6. Suppose u = -2*n - 2*n + 448. Suppose 5*c = 4*l + n, -3*l - l = 3*c - 80. Is 12 a factor of c?
True
Let g = 47 + 33. Does 12 divide g?
False
Let j(w) = w - 6*w + 3 + 2*w - 2. Suppose 8 = -3*k - 7. Does 8 divide j(k)?
True
Let d(h) = -2*h**3 + h**2 + h + 1. Let u be d(-1). Suppose 4*z - u*t = -6 + 60, 3*z = 2*t + 41. Does 5 divide z?
True
Let j be ((-6)/8)/(1/20). Let l = j + 9. Is ((-4)/l)/((-6)/(-207)) a multiple of 9?
False
Let d(h) = -3 + 0 + 0 + 5*h. Does 8 divide d(3)?
False
Let w be (0 + -1)/((-2)/6). Suppose 2*k = w*b - 6, 3*k - 5*b = -b - 8. Suppose k = -3*u + 38 + 94. Is 22 a factor of u?
True
Suppose -4*a = -2*y - 18, 5*a = -4*y + 4*a. Let f be (y - 0) + (-1 - -1). Does 3 divide (3 - 0)/(f/(-2))?
True
Suppose 0 = -2*l + l - 5. Let w = l + 23. Is 18 a factor of w?
True
Does 16 divide -4 + 7 + -2 + 90 + -2?
False
Suppose 2*m + 8 = -2*m. Let c = 2 - m. Suppose c*i - p = 14, 5*p - 7 + 2 = -5*i. Is i a multiple of 2?
False
Let w be 2/6 + (-112)/(-24). Suppose -2*m + p = 6*p - 54, -w*m + 81 = -p. Is 17 a factor of m?
True
Let u = 8 - 6. Suppose -u*n + 45 = 2*n + 5*j, 10 = -n + 3*j. Let q(w) = w**2 - 3*w - 6. Is q(n) a multiple of 2?
True
Let r = 40 - 21. Let w = r - 27. Let t = w - -17. Is t a multiple of 3?
True
Is 2 a factor of (121/33)/((-1)/(-3))?
False
Let c = 249 - 177. Does 24 divide c?
True
Let j(p) = -34*p - 5. Let w(y) = 611*y + 91. Let o(s) = 91*j(s) + 5*w(s). Let m be o(-1). Suppose 2*q = -q + m. Does 13 divide q?
True
Suppose -4*p + 6 = -2*v, 0 = 3*v - 3*p + 2 + 1. Let y(n) = n**3 + 8*n**2 - 11*n - 6. Let c(b) = b**2 - b - 1. Let g(i) = v*y(i) - 2*c(i). Does 10 divide g(-7)?
True
Let x = 67 - 43. Suppose f = 4*f + 5*l + x, 0 = 2*f - 3*l + 16. Let u(s) = -s**3 - 7*s**2 + 7*s + 3. Does 11 divide u(f)?
True
Let s(r) = 12*r - 4. Let a be s(3). Suppose -3*l - 2*l = -190. Suppose a = 2*j - l. Is 16 a factor of j?
False
Let i(j) = 2*j**2 + 2*j + 3. Suppose -r - r = -12. Let q = -8 + r. Does 5 divide i(q)?
False
Let s = -180 + 328. Does 19 divide s?
False
Let f be 1 + 1 - (-1 - -3). Is 25 a factor of 24 - ((-1 - 0) + f)?
True
Suppose 0 = 4*m - 4, -5*f - m + 124 = -2*m. Suppose 4*w = 23 + f. Does 12 divide w?
True
Let d be ((-3)/9)/((-1)/6). Is d/5 - 1038/(-30) a multiple of 8?
False
Let d(h) = -3*h**3 + 2*h**2 + h. Let t(a) = a**2 - 2*a + 3. Let i be t(2). Suppose 0 = -o + 2 - i. Does 2 divide d(o)?
True
Let v be (16/(-20))/((-2)/(-10)). Let a(q) = -q**2 - 4*q + 4. Is 2 a factor of a(v)?
True
Suppose 0 = -2*n - 4*c - 3 + 13, 4*n + 4*c = 0. Let d = -1 - n. Suppose 0*a - 36 = -d*a. Does 9 divide a?
True
Suppose 0*b = 7*b - 105. Is b a multiple of 3?
True
Let p(c) = -6*c. Suppose 0 = -5*y - 51 + 16. Is 21 a factor of p(y)?
True
Suppose p + 299 = 5*o, 0*o - o = 4*p - 43. Does 19 divide o?
False
Is 42/4 + 30/(-20) a multiple of 9?
True
Let m(g) be the first derivative of -g**4/4 - 2*g**3/3 - 3*g**2/2 + 2*g - 3. Is 17 a factor of m(-3)?
False
Suppose -m - 1 = -6. Let d = m + 7. Is 12 a factor of d?
True
Suppose -4*t + 0*n + 169 = 3*n, 56 = t - 2*n. Is 15 a factor of t?
False
Suppose 4 = n + 12. Let b(w) = 4*w + 2. Let y be b(n). Is 12 a factor of ((-4)/10)/(1/y)?
True
Let y(c) = c**2 - 7*c + 2. Let a(s) = -2*s**2 + 13*s - 3. Let j(q) = 6*a(q) + 11*y(q). Let t be j(3). Is t/(-6) - 41/(-3) a multiple of 14?
True
Let b(x) = -10*x - 5. Let u be b(-7). Let t = u - 28. Is (2 - 1) + (t - 2) a multiple of 18?
True
Let z be (-2)/(-8) + (-15)/12. Let m be -1 + z + -6 + 8. Suppose s - 12 + 1 = m. Does 4 divide s?
False
Let h = -4 - -8. Let l(s) = 2*s + 4. Let a be l(h). Suppose 0 = -p - n - 2*n + 15, -4*n + a = 0. Is 3 a factor of p?
True
Suppose 65 = 5*o - 2*h, o + 7*h = 4*h - 4. Suppose 5*g = 4*j - 17, 0*j - 11 = 5*g - 2*j. Let l = o - g. Is l a multiple of 5?
False
Let w(y) = 4*y**2 + 1. Let b(f) = -f**3 - 4*f**2 + 6*f + 4. Let j be b(-5). Does 4 divide w(j)?
False
Let n = -14 + 10. Let w be -2*(2 + 18/n). Suppose -2*g - w = -3*g. Is 5 a factor of g?
True
Let i(v) = -1 - v**3 + v + 3 - 2*v. Let m be i(-3). Suppose -5*c + 2*x = -151 - 31, c + 4*x = m. Is c a multiple of 18?
True
Suppose -3 = -2*c + v + 2, 20 = -4*c - 4*v. Suppose 4*l - 42 = 3*i, -l + 2*l + i - 7 = c. Does 3 divide l?
True
Is 23 a factor of (-2)/(-2 + (-180)/(-92))?
True
Suppose -4*n - 67 = -387. Is n a multiple of 18?
False
Let m(z) = 6 - 5 - 5*z + 0 + z**3 + 5*z**2. Is m(-5) a multiple of 11?
False
Let w(v) = 2*v**3 - 3*v**2 - 5*v + 3. Let g(b) = -b**2 - 9*b - 6. Let x be g(-6). Suppose -4*y + 15 = 3*l - x, -5*l = -25. Is w(y) a multiple of 15?
True
Suppose d - 130 = -5*l + l, 5*l - 170 = -5*d. Does 14 divide 